{"id":4892,"date":"2024-04-03T23:28:25","date_gmt":"2024-04-03T23:28:25","guid":{"rendered":"https:\/\/futland.com.mx\/?page_id=4892"},"modified":"2024-08-15T22:46:33","modified_gmt":"2024-08-15T22:46:33","slug":"equipos","status":"publish","type":"page","link":"https:\/\/futland.com.mx\/?page_id=4892","title":{"rendered":"Equipos"},"content":{"rendered":"\t\t<div data-elementor-type=\"wp-page\" data-elementor-id=\"4892\" class=\"elementor elementor-4892\">\n\t\t\t\t<div class=\"elementor-element elementor-element-cc05d3f e-flex e-con-boxed e-con e-parent\" data-id=\"cc05d3f\" data-element_type=\"container\">\n\t\t\t\t\t<div class=\"e-con-inner\">\n\t\t\t\t<div class=\"elementor-element elementor-element-649e2b9 iconos elementor-widget elementor-widget-shortcode\" data-id=\"649e2b9\" data-element_type=\"widget\" data-widget_type=\"shortcode.default\">\n\t\t\t\t<div class=\"elementor-widget-container\">\n\t\t\t\t\t\t\t<div class=\"elementor-shortcode\"><div class=\"sfsi_widget sfsi_shortcode_container\"><div class=\"norm_row sfsi_wDiv \"  style=\"width:225px;text-align:left;\"><div style='width:40px; height:40px;margin-left:5px;margin-bottom:5px; ' class='sfsi_wicons shuffeldiv ' ><div class='inerCnt'><a class=' sficn' data-effect='' target='_blank' rel='noopener'  href='https:\/\/www.facebook.com\/share\/v5gbYVwPEJaamShf\/?mibextid=qi2Omg' id='sfsiid_facebook_icon' style='width:40px;height:40px;opacity:1;'  ><img data-recalc-dims=\"1\" data-pin-nopin='true' alt='Facebook' title='Facebook' src=\"https:\/\/i0.wp.com\/futland.com.mx\/wp-content\/plugins\/ultimate-social-media-icons\/images\/icons_theme\/thin\/thin_facebook.png?resize=40%2C40&#038;ssl=1\" width=\"40\" height=\"40\" style='' class='sfcm sfsi_wicon ' data-effect=''   \/><\/a><div class=\"sfsi_tool_tip_2 fb_tool_bdr sfsiTlleft\" style=\"opacity:0;z-index:-1;\" id=\"sfsiid_facebook\"><span class=\"bot_arow bot_fb_arow\"><\/span><div class=\"sfsi_inside\"><div  class='icon1'><a href='https:\/\/www.facebook.com\/share\/v5gbYVwPEJaamShf\/?mibextid=qi2Omg' target='_blank' rel='noopener'><img data-recalc-dims=\"1\" data-pin-nopin='true' class='sfsi_wicon' alt='Facebook' title='Facebook' src=\"https:\/\/i0.wp.com\/futland.com.mx\/wp-content\/plugins\/ultimate-social-media-icons\/images\/visit_icons\/Visit_us_fb\/icon_Visit_us_en_US.png?w=750&#038;ssl=1\" \/><\/a><\/div><div  class='icon2'><div class=\"fb-like\" width=\"200\" data-href=\"https:\/\/futland.com.mx\/?page_id=4892&#038;rest_route=\/wp\/v2\/pages\/4892\"  data-send=\"false\" data-layout=\"button_count\" data-action=\"like\"><\/div><\/div><div  class='icon3'><a target='_blank' rel='noopener' href='https:\/\/www.facebook.com\/sharer\/sharer.php?u=https%3A%2F%2Ffutland.com.mx%2F%3Fpage_id%3D4892%26rest_route%3D%2Fwp%2Fv2%2Fpages%2F4892' style='display:inline-block;'  > <img class='sfsi_wicon'  data-pin-nopin='true' alt='fb-share-icon' title='Facebook Share' src='https:\/\/futland.com.mx\/wp-content\/plugins\/ultimate-social-media-icons\/images\/share_icons\/fb_icons\/en_US.svg' \/><\/a><\/div><\/div><\/div><\/div><\/div><div style='width:40px; height:40px;margin-left:5px;margin-bottom:5px; ' class='sfsi_wicons shuffeldiv ' ><div class='inerCnt'><a class=' sficn' data-effect='' target='_blank' rel='noopener'  href='https:\/\/www.youtube.com\/@FutlandW' id='sfsiid_youtube_icon' style='width:40px;height:40px;opacity:1;'  ><img data-recalc-dims=\"1\" data-pin-nopin='true' alt='YouTube' title='YouTube' src=\"https:\/\/i0.wp.com\/futland.com.mx\/wp-content\/plugins\/ultimate-social-media-icons\/images\/icons_theme\/thin\/thin_youtube.png?resize=40%2C40&#038;ssl=1\" width=\"40\" height=\"40\" style='' class='sfcm sfsi_wicon ' data-effect=''   \/><\/a><div class=\"sfsi_tool_tip_2 utube_tool_bdr sfsiTlleft\" style=\"opacity:0;z-index:-1;\" id=\"sfsiid_youtube\"><span class=\"bot_arow bot_utube_arow\"><\/span><div class=\"sfsi_inside\"><div  class='icon1'><a href='https:\/\/www.youtube.com\/@FutlandW'  target='_blank' rel='noopener'><img data-pin-nopin='true' class='sfsi_wicon' alt='YouTube' title='YouTube' src='https:\/\/futland.com.mx\/wp-content\/plugins\/ultimate-social-media-icons\/images\/visit_icons\/Visit_us_youtube\/icon_Visit_us_en_US.svg' \/><\/a><\/div><div  class='icon2'><div>Set Youtube Channel ID<\/div><\/div><\/div><\/div><\/div><\/div><div style='width:40px; height:40px;margin-left:5px;margin-bottom:5px; ' class='sfsi_wicons shuffeldiv ' ><div class='inerCnt'><a class=' sficn' data-effect='' target='_blank' rel='noopener'  href='https:\/\/www.instagram.com\/futlandw?igsh=MWF0N29qajZvNnR6aQ==' id='sfsiid_instagram_icon' style='width:40px;height:40px;opacity:1;'  ><img data-recalc-dims=\"1\" data-pin-nopin='true' alt='Instagram' title='Instagram' src=\"https:\/\/i0.wp.com\/futland.com.mx\/wp-content\/plugins\/ultimate-social-media-icons\/images\/icons_theme\/thin\/thin_instagram.png?resize=40%2C40&#038;ssl=1\" width=\"40\" height=\"40\" style='' class='sfcm sfsi_wicon ' data-effect=''   \/><\/a><\/div><\/div><div style='width:40px; height:40px;margin-left:5px;margin-bottom:5px; ' class='sfsi_wicons shuffeldiv ' ><div class='inerCnt'><a class=' sficn' data-effect='' target='_blank' rel='noopener'  href='https:\/\/www.tiktok.com\/@futlandw?_t=8os7DGl7Bkz&#038;_r=1' id='sfsiid_tiktok_icon' style='width:40px;height:40px;opacity:1;'  ><img data-recalc-dims=\"1\" data-pin-nopin='true' alt='Tiktok' title='Tiktok' src=\"https:\/\/i0.wp.com\/futland.com.mx\/wp-content\/plugins\/ultimate-social-media-icons\/images\/icons_theme\/thin\/thin_tiktok.png?resize=40%2C40&#038;ssl=1\" width=\"40\" height=\"40\" style='' class='sfcm sfsi_wicon ' data-effect=''   \/><\/a><\/div><\/div><\/div ><div id=\"sfsi_holder\" class=\"sfsi_holders\" style=\"position: relative; float: left;width:100%;z-index:-1;\"><\/div ><script>window.addEventListener(\"sfsi_functions_loaded\", function()\n\t\t\t{\n\t\t\t\tif (typeof sfsi_widget_set == \"function\") {\n\t\t\t\t\tsfsi_widget_set();\n\t\t\t\t}\n\t\t\t}); <\/script><div style=\"clear: both;\"><\/div><\/div><\/div>\n\t\t\t\t\t\t<\/div>\n\t\t\t\t<\/div>\n\t\t\t\t\t<\/div>\n\t\t\t\t<\/div>\n\t\t<div class=\"elementor-element elementor-element-36db76c e-flex e-con-boxed e-con e-parent\" data-id=\"36db76c\" data-element_type=\"container\" data-settings=\"{&quot;background_background&quot;:&quot;classic&quot;}\">\n\t\t\t\t\t<div class=\"e-con-inner\">\n\t\t\t\t\t<\/div>\n\t\t\t\t<\/div>\n\t\t<div class=\"elementor-element elementor-element-dcbcba0 e-flex e-con-boxed e-con e-parent\" data-id=\"dcbcba0\" data-element_type=\"container\">\n\t\t\t\t\t<div class=\"e-con-inner\">\n\t\t\t\t<div class=\"elementor-element elementor-element-3089ebf section-title-style-style1 title_position_default title_hover_border_default title-default img_hover_animation_default readmore-btn-default-style grid-hover-overlay-type-always tpg-el-box-border-enable tpg-border-bottom-disable elementor-widget elementor-widget-tpg-grid-layout\" data-id=\"3089ebf\" data-element_type=\"widget\" data-widget_type=\"tpg-grid-layout.default\">\n\t\t\t\t<div class=\"elementor-widget-container\">\n\t\t\t\t\t\t\t<div class=\"rt-container-fluid rt-tpg-container tpg-el-main-wrapper clearfix grid-layout1-main \"\n\t\t\t id=\"rt-tpg-container-4121730587\"\n\t\t\t data-layout=\"grid-layout1\"\n\t\t\t data-grid-style=\"tpg-full-height\"\n\t\t\t data-sc-id=\"elementor\"\n\t\t\t data-el-settings=''\n\t\t\t data-el-query=''\n\t\t\t data-el-path=''\n\t\t>\n\t\t\t\t\t\t<div class='tpg-header-wrapper '>\n\t\t\t\t\n        <div class=\"tpg-widget-heading-wrapper rt-clear heading-style1 \">\n            <span class=\"tpg-widget-heading-line line-left\"><\/span>\n\t\t\t<h2 class='tpg-widget-heading'>\n\t\t\t\n\t\t\t\t                    <span>\n\t\t\t\t\t\tEquipos\t\t\t\t\t<\/span>\n\t\t\t\t\t\n\t\t\t\t\t\t\t<\/h2>            <span class=\"tpg-widget-heading-line line-right\"><\/span>\n\n\t\t\t\n        <\/div>\n\n\t\t\n\t\t\t\t\t<\/div>\n\n\t\t\t<div data-title=\"Loading ...\" class=\"rt-row rt-content-loader grid-layout1 grid-behaviour tpg-full-height grid_layout_wrapper\">\n\t\t\t\t<div class=\"rt-col-md-4 rt-col-sm-6 rt-col-xs-12 default rt-grid-item post-8087 post type-post status-publish format-standard has-post-thumbnail hentry category-equipos category-news entry\"\t\tdata-id=\"8087\">\n\t<div class=\"rt-holder tpg-post-holder \">\n\t\t<div class=\"rt-detail rt-el-content-wrapper\">\n\t\t\t\t\t\t\t<div class=\"rt-img-holder tpg-el-image-wrap has-thumbnail\">\n\t\t\t\t\t<a data-id=\"8087\" href=\"https:\/\/futland.com.mx\/?p=8087\" class=\"tpg-post-link\" target=\"_self\">                        <img fetchpriority=\"high\" decoding=\"async\" src=\"https:\/\/i0.wp.com\/futland.com.mx\/wp-content\/uploads\/2025\/03\/Imagen-de-WhatsApp-2025-03-19-a-las-13.42.49_51ca2a5f.jpg?fit=750%2C563&#038;ssl=1\"\n                             class=\"rt-img-responsive\"\n                             width=\"750\"\n                             height=\"563\"\n                             alt=\"CACH Fut: Un equipo de f\u00fatbol femenil que naci\u00f3 en las gradas de un colegio\">\n\t\t\t\t\t\t\n\t\t\t\t\t\t\t\n\t\t<\/a>\n\t\t        <div class=\"overlay grid-hover-content\"><\/div>\n\t\t\t\t\t\t<\/div>\n\t\t\t\n\t\t\t<div class=\"entry-title-wrapper\"><h3 class=\"entry-title\"><a data-id=\"8087\" href=\"https:\/\/futland.com.mx\/?p=8087\" class=\"tpg-post-link\" target=\"_self\">CACH Fut: Un equipo de f\u00fatbol femenil que naci\u00f3 en las gradas de un colegio<\/a><\/h3><\/div>\n\t\t\t\n\n\t\t\t\n\t\t\t        <div class=\"post-footer\">\n            <div class=\"post-footer\">\n                <div class=\"read-more\">\n\t\t\t\t\t<a data-id=\"8087\" href=\"https:\/\/futland.com.mx\/?p=8087\" class=\"tpg-post-link\" target=\"_self\">Leer M\u00e1s<\/a>                <\/div>\n            <\/div>\n        <\/div>\n\t\t\t\t<\/div>\n\t<\/div>\n<\/div>\n<div class=\"rt-col-md-4 rt-col-sm-6 rt-col-xs-12 default rt-grid-item post-7873 post type-post status-publish format-standard has-post-thumbnail hentry category-equipos entry\"\t\tdata-id=\"7873\">\n\t<div class=\"rt-holder tpg-post-holder \">\n\t\t<div class=\"rt-detail rt-el-content-wrapper\">\n\t\t\t\t\t\t\t<div class=\"rt-img-holder tpg-el-image-wrap has-thumbnail\">\n\t\t\t\t\t<a data-id=\"7873\" href=\"https:\/\/futland.com.mx\/?p=7873\" class=\"tpg-post-link\" target=\"_self\">                        <img decoding=\"async\" src=\"https:\/\/i0.wp.com\/futland.com.mx\/wp-content\/uploads\/2024\/11\/WhatsApp-Image-2024-11-15-at-7.27.03-PM.jpeg?fit=750%2C422&#038;ssl=1\"\n                             class=\"rt-img-responsive\"\n                             width=\"750\"\n                             height=\"422\"\n                             alt=\"&#8220;Mam\u00e1s Liverpool Tijuana: Campeonas del Nacional de Soccer Moms en Guadalajara&#8221;\">\n\t\t\t\t\t\t\n\t\t\t\t\t\t\t\n\t\t<\/a>\n\t\t        <div class=\"overlay grid-hover-content\"><\/div>\n\t\t\t\t\t\t<\/div>\n\t\t\t\n\t\t\t<div class=\"entry-title-wrapper\"><h3 class=\"entry-title\"><a data-id=\"7873\" href=\"https:\/\/futland.com.mx\/?p=7873\" class=\"tpg-post-link\" target=\"_self\">&#8220;Mam\u00e1s Liverpool Tijuana: Campeonas del Nacional de Soccer Moms en Guadalajara&#8221;<\/a><\/h3><\/div>\n\t\t\t\n\n\t\t\t\n\t\t\t        <div class=\"post-footer\">\n            <div class=\"post-footer\">\n                <div class=\"read-more\">\n\t\t\t\t\t<a data-id=\"7873\" href=\"https:\/\/futland.com.mx\/?p=7873\" class=\"tpg-post-link\" target=\"_self\">Leer M\u00e1s<\/a>                <\/div>\n            <\/div>\n        <\/div>\n\t\t\t\t<\/div>\n\t<\/div>\n<\/div>\n<div class=\"rt-col-md-4 rt-col-sm-6 rt-col-xs-12 default rt-grid-item post-7749 post type-post status-publish format-standard has-post-thumbnail hentry category-equipos category-news entry\"\t\tdata-id=\"7749\">\n\t<div class=\"rt-holder tpg-post-holder \">\n\t\t<div class=\"rt-detail rt-el-content-wrapper\">\n\t\t\t\t\t\t\t<div class=\"rt-img-holder tpg-el-image-wrap has-thumbnail\">\n\t\t\t\t\t<a data-id=\"7749\" href=\"https:\/\/futland.com.mx\/?p=7749\" class=\"tpg-post-link\" target=\"_self\">                        <img decoding=\"async\" src=\"https:\/\/i0.wp.com\/futland.com.mx\/wp-content\/uploads\/2024\/09\/LOLA-3333.jpg?fit=750%2C525&#038;ssl=1\"\n                             class=\"rt-img-responsive\"\n                             width=\"750\"\n                             height=\"525\"\n                             alt=\"LOLA 33\">\n\t\t\t\t\t\t\n\t\t\t\t\t\t\t\n\t\t<\/a>\n\t\t        <div class=\"overlay grid-hover-content\"><\/div>\n\t\t\t\t\t\t<\/div>\n\t\t\t\n\t\t\t<div class=\"entry-title-wrapper\"><h3 class=\"entry-title\"><a data-id=\"7749\" href=\"https:\/\/futland.com.mx\/?p=7749\" class=\"tpg-post-link\" target=\"_self\">LOLA 33<\/a><\/h3><\/div>\n\t\t\t\n\n\t\t\t\n\t\t\t        <div class=\"post-footer\">\n            <div class=\"post-footer\">\n                <div class=\"read-more\">\n\t\t\t\t\t<a data-id=\"7749\" href=\"https:\/\/futland.com.mx\/?p=7749\" class=\"tpg-post-link\" target=\"_self\">Leer M\u00e1s<\/a>                <\/div>\n            <\/div>\n        <\/div>\n\t\t\t\t<\/div>\n\t<\/div>\n<\/div>\n<div class=\"rt-col-md-4 rt-col-sm-6 rt-col-xs-12 default rt-grid-item post-7706 post type-post status-publish format-standard has-post-thumbnail hentry category-equipos category-newimportanthome-5 entry\"\t\tdata-id=\"7706\">\n\t<div class=\"rt-holder tpg-post-holder \">\n\t\t<div class=\"rt-detail rt-el-content-wrapper\">\n\t\t\t\t\t\t\t<div class=\"rt-img-holder tpg-el-image-wrap has-thumbnail\">\n\t\t\t\t\t<a data-id=\"7706\" href=\"https:\/\/futland.com.mx\/?p=7706\" class=\"tpg-post-link\" target=\"_self\">                        <img loading=\"lazy\" decoding=\"async\" src=\"https:\/\/i0.wp.com\/futland.com.mx\/wp-content\/uploads\/2024\/08\/WhatsApp-Image-2024-08-14-at-12.54.19-PM.jpeg?fit=750%2C500&#038;ssl=1\"\n                             class=\"rt-img-responsive\"\n                             width=\"750\"\n                             height=\"500\"\n                             alt=\"&#8220;Liverpool&#8221;\">\n\t\t\t\t\t\t\n\t\t\t\t\t\t\t\n\t\t<\/a>\n\t\t        <div class=\"overlay grid-hover-content\"><\/div>\n\t\t\t\t\t\t<\/div>\n\t\t\t\n\t\t\t<div class=\"entry-title-wrapper\"><h3 class=\"entry-title\"><a data-id=\"7706\" href=\"https:\/\/futland.com.mx\/?p=7706\" class=\"tpg-post-link\" target=\"_self\">&#8220;Liverpool&#8221;<\/a><\/h3><\/div>\n\t\t\t\n\n\t\t\t\n\t\t\t        <div class=\"post-footer\">\n            <div class=\"post-footer\">\n                <div class=\"read-more\">\n\t\t\t\t\t<a data-id=\"7706\" href=\"https:\/\/futland.com.mx\/?p=7706\" class=\"tpg-post-link\" target=\"_self\">Leer M\u00e1s<\/a>                <\/div>\n            <\/div>\n        <\/div>\n\t\t\t\t<\/div>\n\t<\/div>\n<\/div>\n<div class=\"rt-col-md-4 rt-col-sm-6 rt-col-xs-12 default rt-grid-item post-7629 post type-post status-publish format-standard has-post-thumbnail hentry category-equipos category-newimportanthome-4 entry\"\t\tdata-id=\"7629\">\n\t<div class=\"rt-holder tpg-post-holder \">\n\t\t<div class=\"rt-detail rt-el-content-wrapper\">\n\t\t\t\t\t\t\t<div class=\"rt-img-holder tpg-el-image-wrap has-thumbnail\">\n\t\t\t\t\t<a data-id=\"7629\" href=\"https:\/\/futland.com.mx\/?p=7629\" class=\"tpg-post-link\" target=\"_self\">                        <img loading=\"lazy\" decoding=\"async\" src=\"https:\/\/i0.wp.com\/futland.com.mx\/wp-content\/uploads\/2024\/08\/WhatsApp-Image-2024-08-14-at-11.59.22-AM.jpeg?fit=750%2C500&#038;ssl=1\"\n                             class=\"rt-img-responsive\"\n                             width=\"750\"\n                             height=\"500\"\n                             alt=\"Real Madrid\">\n\t\t\t\t\t\t\n\t\t\t\t\t\t\t\n\t\t<\/a>\n\t\t        <div class=\"overlay grid-hover-content\"><\/div>\n\t\t\t\t\t\t<\/div>\n\t\t\t\n\t\t\t<div class=\"entry-title-wrapper\"><h3 class=\"entry-title\"><a data-id=\"7629\" href=\"https:\/\/futland.com.mx\/?p=7629\" class=\"tpg-post-link\" target=\"_self\">Real Madrid<\/a><\/h3><\/div>\n\t\t\t\n\n\t\t\t\n\t\t\t        <div class=\"post-footer\">\n            <div class=\"post-footer\">\n                <div class=\"read-more\">\n\t\t\t\t\t<a data-id=\"7629\" href=\"https:\/\/futland.com.mx\/?p=7629\" class=\"tpg-post-link\" target=\"_self\">Leer M\u00e1s<\/a>                <\/div>\n            <\/div>\n        <\/div>\n\t\t\t\t<\/div>\n\t<\/div>\n<\/div>\n<div class=\"rt-col-md-4 rt-col-sm-6 rt-col-xs-12 default rt-grid-item post-7517 post type-post status-publish format-standard has-post-thumbnail hentry category-equipos entry\"\t\tdata-id=\"7517\">\n\t<div class=\"rt-holder tpg-post-holder \">\n\t\t<div class=\"rt-detail rt-el-content-wrapper\">\n\t\t\t\t\t\t\t<div class=\"rt-img-holder tpg-el-image-wrap has-thumbnail\">\n\t\t\t\t\t<a data-id=\"7517\" href=\"https:\/\/futland.com.mx\/?p=7517\" class=\"tpg-post-link\" target=\"_self\">                        <img loading=\"lazy\" decoding=\"async\" src=\"https:\/\/i0.wp.com\/futland.com.mx\/wp-content\/uploads\/2024\/08\/WhatsApp-Image-2024-08-06-at-4.37.44-PM.jpeg?fit=750%2C500&#038;ssl=1\"\n                             class=\"rt-img-responsive\"\n                             width=\"750\"\n                             height=\"500\"\n                             alt=\"Rebeldes\">\n\t\t\t\t\t\t\n\t\t\t\t\t\t\t\n\t\t<\/a>\n\t\t        <div class=\"overlay grid-hover-content\"><\/div>\n\t\t\t\t\t\t<\/div>\n\t\t\t\n\t\t\t<div class=\"entry-title-wrapper\"><h3 class=\"entry-title\"><a data-id=\"7517\" href=\"https:\/\/futland.com.mx\/?p=7517\" class=\"tpg-post-link\" target=\"_self\">Rebeldes<\/a><\/h3><\/div>\n\t\t\t\n\n\t\t\t\n\t\t\t        <div class=\"post-footer\">\n            <div class=\"post-footer\">\n                <div class=\"read-more\">\n\t\t\t\t\t<a data-id=\"7517\" href=\"https:\/\/futland.com.mx\/?p=7517\" class=\"tpg-post-link\" target=\"_self\">Leer M\u00e1s<\/a>                <\/div>\n            <\/div>\n        <\/div>\n\t\t\t\t<\/div>\n\t<\/div>\n<\/div>\n\t\t\t<\/div>\n\t\t\t\n\t\t<\/div>\n\t\t\t\t\t\t<\/div>\n\t\t\t\t<\/div>\n\t\t\t\t\t<\/div>\n\t\t\t\t<\/div>\n\t\t\t\t<\/div>\n\t\t","protected":false},"excerpt":{"rendered":"<p>Equipos &#8220;Isabel es la capitana del equipo de f\u00fatbol Real Madrid&#8221; Leer M\u00e1s Rebeldes Leer M\u00e1s<\/p>\n","protected":false},"author":6,"featured_media":0,"parent":0,"menu_order":0,"comment_status":"closed","ping_status":"closed","template":"elementor_header_footer","meta":{"inline_featured_image":false,"footnotes":""},"class_list":["post-4892","page","type-page","status-publish","hentry","entry"],"jetpack_sharing_enabled":true,"rttpg_featured_image_url":null,"rttpg_author":{"display_name":"Fernando Sanchez","author_link":"https:\/\/futland.com.mx\/?author=6"},"rttpg_comment":0,"rttpg_category":"","rttpg_excerpt":"Equipos &#8220;Isabel es la capitana del equipo de f\u00fatbol Real Madrid&#8221; Leer M\u00e1s Rebeldes Leer M\u00e1s","_links":{"self":[{"href":"https:\/\/futland.com.mx\/index.php?rest_route=\/wp\/v2\/pages\/4892","targetHints":{"allow":["GET"]}}],"collection":[{"href":"https:\/\/futland.com.mx\/index.php?rest_route=\/wp\/v2\/pages"}],"about":[{"href":"https:\/\/futland.com.mx\/index.php?rest_route=\/wp\/v2\/types\/page"}],"author":[{"embeddable":true,"href":"https:\/\/futland.com.mx\/index.php?rest_route=\/wp\/v2\/users\/6"}],"replies":[{"embeddable":true,"href":"https:\/\/futland.com.mx\/index.php?rest_route=%2Fwp%2Fv2%2Fcomments&post=4892"}],"version-history":[{"count":103,"href":"https:\/\/futland.com.mx\/index.php?rest_route=\/wp\/v2\/pages\/4892\/revisions"}],"predecessor-version":[{"id":7659,"href":"https:\/\/futland.com.mx\/index.php?rest_route=\/wp\/v2\/pages\/4892\/revisions\/7659"}],"wp:attachment":[{"href":"https:\/\/futland.com.mx\/index.php?rest_route=%2Fwp%2Fv2%2Fmedia&parent=4892"}],"curies":[{"name":"wp","href":"https:\/\/api.w.org\/{rel}","templated":true}]}}